{"id":1503,"date":"2022-08-26T20:12:40","date_gmt":"2022-08-26T20:12:40","guid":{"rendered":"https:\/\/habitatlimpio.com.ar\/?page_id=1503"},"modified":"2023-09-12T18:46:51","modified_gmt":"2023-09-12T18:46:51","slug":"limpieza-de-alfombras-y-tapizados","status":"publish","type":"page","link":"https:\/\/habitatlimpio.com.ar\/index.php\/services\/limpieza-de-alfombras-y-tapizados\/","title":{"rendered":"Limpieza de Alfombras y Tapizados"},"content":{"rendered":"\n<div class=\"wp-block-cover alignwide is-light has-parallax\"><span aria-hidden=\"true\" class=\"wp-block-cover__background has-background-dim\"><\/span><div role=\"img\" class=\"wp-block-cover__image-background wp-image-1507 has-parallax\" style=\"background-position:50% 50%;background-image:url(https:\/\/habitatlimpio.com.ar\/wp-content\/uploads\/2022\/08\/carpet-red-tying-100094.jpg)\"><\/div><div class=\"wp-block-cover__inner-container is-layout-flow wp-block-cover-is-layout-flow\">\n<p class=\"has-text-align-center\" style=\"font-size:40px\"><strong>Limpieza de Alfombras y Tapices<\/strong><\/p>\n<\/div><\/div>\n\n\n\n<div style=\"height:45px\" aria-hidden=\"true\" class=\"wp-block-spacer\"><\/div>\n\n\n\n<p class=\"has-text-color has-medium-font-size\" style=\"color:#8491b1\">El mantenimiento conveniente y la limpieza adecuada colaboran directamente con la vida \u00fatil de las alfombras y tapices, en especial si se realizan con los productos y equipos apropiados.<\/p>\n\n\n\n<p class=\"has-text-color has-medium-font-size\" style=\"color:#8491b1\">Este servicio ofrece ambientes totalmente limpios, libres de cualquier tipo de bacterias, \u00e1caros, restos de polen, polvo y piel muerta; que son los causales frecuentes de resfr\u00edos y gripes en personas al\u00e9rgicas.<\/p>\n\n\n\n<div class=\"wp-block-columns alignwide is-layout-flex wp-container-core-columns-is-layout-28f84493 wp-block-columns-is-layout-flex\">\n<div class=\"wp-block-column is-layout-flow wp-block-column-is-layout-flow\">\n<figure class=\"wp-block-image size-full is-resized\"><img loading=\"lazy\" decoding=\"async\" src=\"https:\/\/habitatlimpio.com.ar\/wp-content\/uploads\/2022\/08\/alfombra-1.png\" alt=\"\" class=\"wp-image-1455\" width=\"709\" height=\"487\" srcset=\"https:\/\/habitatlimpio.com.ar\/wp-content\/uploads\/2022\/08\/alfombra-1.png 316w, https:\/\/habitatlimpio.com.ar\/wp-content\/uploads\/2022\/08\/alfombra-1-300x206.png 300w\" sizes=\"auto, (max-width: 709px) 100vw, 709px\" \/><\/figure>\n<\/div>\n\n\n\n<div class=\"wp-block-column is-layout-flow wp-block-column-is-layout-flow\">\n<div style=\"height:100px\" aria-hidden=\"true\" class=\"wp-block-spacer\"><\/div>\n\n\n\n<p class=\"has-text-align-left has-text-color has-medium-font-size\" style=\"color:#8491b1\">Nuestros m\u00e9todos y productos profesionales de limpieza de alfombras y tapices no perjudican de ning\u00fan modo las plantas, las paredes, ni nada que se encuentre en el \u00e1mbito en que se realice esta tarea. Los productos de lavado y desmanchado son completamente biodegradables y cuentan con la aprobaci\u00f3n de organismos oficiales.<\/p>\n\n\n\n<div style=\"height:100px\" aria-hidden=\"true\" class=\"wp-block-spacer\"><\/div>\n<\/div>\n<\/div>\n\n\n\n<div style=\"height:39px\" aria-hidden=\"true\" class=\"wp-block-spacer\"><\/div>\n\n\n\n<div class=\"wp-block-buttons is-layout-flex wp-block-buttons-is-layout-flex\">\n<div class=\"wp-block-button aligncenter\"><a class=\"wp-block-button__link has-background wp-element-button\" href=\"https:\/\/habitatlimpio.com.ar\/index.php\/services\/\" style=\"background-color:#19e6fd\">volver a nuestros servicios<\/a><\/div>\n<\/div>\n","protected":false},"excerpt":{"rendered":"<p>El mantenimiento conveniente y la limpieza adecuada colaboran directamente con la vida \u00fatil de las alfombras y tapices, en especial si se realizan con los productos y equipos apropiados. Este servicio ofrece ambientes totalmente limpios, libres de cualquier tipo de bacterias, \u00e1caros, restos de polen, polvo y piel muerta; que son los causales frecuentes de [&hellip;]<\/p>\n","protected":false},"author":1,"featured_media":0,"parent":8,"menu_order":4,"comment_status":"closed","ping_status":"closed","template":"","meta":{"site-sidebar-layout":"default","site-content-layout":"","ast-site-content-layout":"","site-content-style":"default","site-sidebar-style":"default","ast-global-header-display":"","ast-banner-title-visibility":"","ast-main-header-display":"","ast-hfb-above-header-display":"","ast-hfb-below-header-display":"","ast-hfb-mobile-header-display":"","site-post-title":"disabled","ast-breadcrumbs-content":"","ast-featured-img":"","footer-sml-layout":"","theme-transparent-header-meta":"","adv-header-id-meta":"","stick-header-meta":"","header-above-stick-meta":"","header-main-stick-meta":"","header-below-stick-meta":"","astra-migrate-meta-layouts":"default","ast-page-background-enabled":"default","ast-page-background-meta":{"desktop":{"background-color":"var(--ast-global-color-4)","background-image":"","background-repeat":"repeat","background-position":"center center","background-size":"auto","background-attachment":"scroll","background-type":"","background-media":"","overlay-type":"","overlay-color":"","overlay-gradient":""},"tablet":{"background-color":"","background-image":"","background-repeat":"repeat","background-position":"center center","background-size":"auto","background-attachment":"scroll","background-type":"","background-media":"","overlay-type":"","overlay-color":"","overlay-gradient":""},"mobile":{"background-color":"","background-image":"","background-repeat":"repeat","background-position":"center center","background-size":"auto","background-attachment":"scroll","background-type":"","background-media":"","overlay-type":"","overlay-color":"","overlay-gradient":""}},"ast-content-background-meta":{"desktop":{"background-color":"var(--ast-global-color-5)","background-image":"","background-repeat":"repeat","background-position":"center center","background-size":"auto","background-attachment":"scroll","background-type":"","background-media":"","overlay-type":"","overlay-color":"","overlay-gradient":""},"tablet":{"background-color":"var(--ast-global-color-5)","background-image":"","background-repeat":"repeat","background-position":"center center","background-size":"auto","background-attachment":"scroll","background-type":"","background-media":"","overlay-type":"","overlay-color":"","overlay-gradient":""},"mobile":{"background-color":"var(--ast-global-color-5)","background-image":"","background-repeat":"repeat","background-position":"center center","background-size":"auto","background-attachment":"scroll","background-type":"","background-media":"","overlay-type":"","overlay-color":"","overlay-gradient":""}},"footnotes":""},"class_list":["post-1503","page","type-page","status-publish","hentry"],"_links":{"self":[{"href":"https:\/\/habitatlimpio.com.ar\/index.php\/wp-json\/wp\/v2\/pages\/1503","targetHints":{"allow":["GET"]}}],"collection":[{"href":"https:\/\/habitatlimpio.com.ar\/index.php\/wp-json\/wp\/v2\/pages"}],"about":[{"href":"https:\/\/habitatlimpio.com.ar\/index.php\/wp-json\/wp\/v2\/types\/page"}],"author":[{"embeddable":true,"href":"https:\/\/habitatlimpio.com.ar\/index.php\/wp-json\/wp\/v2\/users\/1"}],"replies":[{"embeddable":true,"href":"https:\/\/habitatlimpio.com.ar\/index.php\/wp-json\/wp\/v2\/comments?post=1503"}],"version-history":[{"count":13,"href":"https:\/\/habitatlimpio.com.ar\/index.php\/wp-json\/wp\/v2\/pages\/1503\/revisions"}],"predecessor-version":[{"id":2003,"href":"https:\/\/habitatlimpio.com.ar\/index.php\/wp-json\/wp\/v2\/pages\/1503\/revisions\/2003"}],"up":[{"embeddable":true,"href":"https:\/\/habitatlimpio.com.ar\/index.php\/wp-json\/wp\/v2\/pages\/8"}],"wp:attachment":[{"href":"https:\/\/habitatlimpio.com.ar\/index.php\/wp-json\/wp\/v2\/media?parent=1503"}],"curies":[{"name":"wp","href":"https:\/\/api.w.org\/{rel}","templated":true}]}}