{"id":1441,"date":"2022-08-25T21:58:54","date_gmt":"2022-08-25T21:58:54","guid":{"rendered":"https:\/\/habitatlimpio.com.ar\/?page_id=1441"},"modified":"2023-09-12T18:36:23","modified_gmt":"2023-09-12T18:36:23","slug":"limpieza-final-de-obra","status":"publish","type":"page","link":"https:\/\/habitatlimpio.com.ar\/index.php\/services\/limpieza-final-de-obra\/","title":{"rendered":"Limpieza Final de Obra"},"content":{"rendered":"\n<div class=\"wp-block-cover alignfull is-light has-parallax\" style=\"min-height:244px;aspect-ratio:unset;\"><span aria-hidden=\"true\" class=\"wp-block-cover__background has-background-dim-40 has-background-dim\" style=\"background-color:#000000\"><\/span><div role=\"img\" class=\"wp-block-cover__image-background has-parallax\" style=\"background-position:50% 50%;background-image:url(https:\/\/s.w.org\/images\/core\/5.8\/art-01.jpg)\"><\/div><div class=\"wp-block-cover__inner-container is-layout-flow wp-block-cover-is-layout-flow\">\n<div class=\"wp-block-columns alignwide is-layout-flex wp-container-core-columns-is-layout-28f84493 wp-block-columns-is-layout-flex\">\n<div class=\"wp-block-column is-layout-flow wp-block-column-is-layout-flow\" style=\"flex-basis:80%\">\n<div class=\"wp-block-buttons is-layout-flex wp-block-buttons-is-layout-flex\"><\/div>\n\n\n\n<p class=\"has-text-align-right\" style=\"font-size:40px\">Limpieza Final de Obra<\/p>\n<\/div>\n\n\n\n<div class=\"wp-block-column is-layout-flow wp-block-column-is-layout-flow\">\n<div style=\"height:13px\" aria-hidden=\"true\" class=\"wp-block-spacer\"><\/div>\n\n\n\n<figure class=\"wp-block-image size-full is-resized\"><img loading=\"lazy\" decoding=\"async\" src=\"https:\/\/habitatlimpio.com.ar\/wp-content\/uploads\/2022\/08\/logopng-para-pestana.png\" alt=\"\" class=\"wp-image-1439\" width=\"140\" height=\"128\" srcset=\"https:\/\/habitatlimpio.com.ar\/wp-content\/uploads\/2022\/08\/logopng-para-pestana.png 874w, https:\/\/habitatlimpio.com.ar\/wp-content\/uploads\/2022\/08\/logopng-para-pestana-300x275.png 300w, https:\/\/habitatlimpio.com.ar\/wp-content\/uploads\/2022\/08\/logopng-para-pestana-768x705.png 768w\" sizes=\"auto, (max-width: 140px) 100vw, 140px\" \/><\/figure>\n<\/div>\n<\/div>\n<\/div><\/div>\n\n\n\n<div style=\"height:40px\" aria-hidden=\"true\" class=\"wp-block-spacer\"><\/div>\n\n\n\n<p class=\"has-text-align-left animated zoomIn has-text-color has-medium-font-size\" style=\"color:#8491b1\">Cuando se trata de una gran obra, es aconsejable dejar este proceso en manos de especialistas. Se debe contar con los productos y elementos indicados para cada material que suele quedar adherido en las superficies. Le ofrecemos lo que se conoce como servicio de llave en mano, de este modo, nos encargamos de entregar el bien en las condiciones \u00f3ptimas para ser habitado luego del arduo proceso que una obra en construcci\u00f3n implica. La limpieza es la instancia final de una obra y nosotros tenemos la experiencia, el personal y los conocimientos para realizar esta tarea en el menor tiempo posible y de forma eficiente.<\/p>\n\n\n\n<div class=\"wp-block-media-text alignfull is-stacked-on-mobile animated zoomIn\" style=\"grid-template-columns:36% auto\"><figure class=\"wp-block-media-text__media\"><img loading=\"lazy\" decoding=\"async\" width=\"1024\" height=\"683\" src=\"https:\/\/habitatlimpio.com.ar\/wp-content\/uploads\/2022\/08\/final-de-obra-1024x683.jpg\" alt=\"\" class=\"wp-image-1380 size-full\" srcset=\"https:\/\/habitatlimpio.com.ar\/wp-content\/uploads\/2022\/08\/final-de-obra-1024x683.jpg 1024w, https:\/\/habitatlimpio.com.ar\/wp-content\/uploads\/2022\/08\/final-de-obra-300x200.jpg 300w, https:\/\/habitatlimpio.com.ar\/wp-content\/uploads\/2022\/08\/final-de-obra-768x512.jpg 768w, https:\/\/habitatlimpio.com.ar\/wp-content\/uploads\/2022\/08\/final-de-obra-1536x1024.jpg 1536w, https:\/\/habitatlimpio.com.ar\/wp-content\/uploads\/2022\/08\/final-de-obra-2048x1365.jpg 2048w\" sizes=\"auto, (max-width: 1024px) 100vw, 1024px\" \/><\/figure><div class=\"wp-block-media-text__content\">\n<p class=\"has-text-color has-medium-font-size\" style=\"color:#8491b1\">Si precisa un servicio de limpieza final de obra, estamos listos para ofrecerle el asesoramiento m\u00e1s completo y dise\u00f1ar el plan de trabajo ideal para usted. Como cada uno de nuestros servicios, desarrollamos una propuesta a la medida del cliente brind\u00e1ndole nuestros conocimientos. &nbsp; <\/p>\n<\/div><\/div>\n\n\n\n<div style=\"height:19px\" aria-hidden=\"true\" class=\"wp-block-spacer\"><\/div>\n\n\n\n<hr class=\"wp-block-separator has-text-color has-alpha-channel-opacity has-background is-style-wide\" style=\"background-color:#00ffff;color:#00ffff\"\/>\n\n\n\n<div style=\"height:19px\" aria-hidden=\"true\" class=\"wp-block-spacer\"><\/div>\n\n\n\n<div class=\"wp-block-cover alignfull is-light\" style=\"min-height:499px;aspect-ratio:unset;\"><span aria-hidden=\"true\" class=\"wp-block-cover__background has-background-dim\"><\/span><img loading=\"lazy\" decoding=\"async\" width=\"1708\" height=\"2560\" class=\"wp-block-cover__image-background wp-image-1853\" alt=\"\" src=\"https:\/\/habitatlimpio.com.ar\/wp-content\/uploads\/2022\/08\/pexels-cesar-casanova-11941918-scaled.jpg\" style=\"object-position:4% 37%\" data-object-fit=\"cover\" data-object-position=\"4% 37%\" srcset=\"https:\/\/habitatlimpio.com.ar\/wp-content\/uploads\/2022\/08\/pexels-cesar-casanova-11941918-scaled.jpg 1708w, https:\/\/habitatlimpio.com.ar\/wp-content\/uploads\/2022\/08\/pexels-cesar-casanova-11941918-200x300.jpg 200w, https:\/\/habitatlimpio.com.ar\/wp-content\/uploads\/2022\/08\/pexels-cesar-casanova-11941918-683x1024.jpg 683w\" sizes=\"auto, (max-width: 1708px) 100vw, 1708px\" \/><div class=\"wp-block-cover__inner-container is-layout-flow wp-block-cover-is-layout-flow\">\n<div class=\"wp-block-columns are-vertically-aligned-top is-layout-flex wp-container-core-columns-is-layout-28f84493 wp-block-columns-is-layout-flex\">\n<div class=\"wp-block-column is-vertically-aligned-top is-layout-flow wp-block-column-is-layout-flow\" style=\"flex-basis:100%\">\n<div class=\"wp-block-columns is-layout-flex wp-container-core-columns-is-layout-28f84493 wp-block-columns-is-layout-flex\">\n<div class=\"wp-block-column is-layout-flow wp-block-column-is-layout-flow\" style=\"flex-basis:100%\">\n<div class=\"wp-block-columns has-background is-layout-flex wp-container-core-columns-is-layout-28f84493 wp-block-columns-is-layout-flex\" style=\"background-color:#1efadc2b\">\n<div class=\"wp-block-column is-layout-flow wp-block-column-is-layout-flow\" style=\"flex-basis:33.33%\">\n<div style=\"height:328px\" aria-hidden=\"true\" class=\"wp-block-spacer\"><\/div>\n\n\n\n<figure class=\"wp-block-image aligncenter size-large is-resized has-custom-border\"><img loading=\"lazy\" decoding=\"async\" src=\"https:\/\/habitatlimpio.com.ar\/wp-content\/uploads\/2022\/08\/pexels-maria-orlova-4947007-683x1024.jpg\" alt=\"\" class=\"wp-image-1680\" style=\"border-radius:0px\" width=\"471\" height=\"705\" srcset=\"https:\/\/habitatlimpio.com.ar\/wp-content\/uploads\/2022\/08\/pexels-maria-orlova-4947007-683x1024.jpg 683w, https:\/\/habitatlimpio.com.ar\/wp-content\/uploads\/2022\/08\/pexels-maria-orlova-4947007-200x300.jpg 200w, https:\/\/habitatlimpio.com.ar\/wp-content\/uploads\/2022\/08\/pexels-maria-orlova-4947007-scaled.jpg 1707w\" sizes=\"auto, (max-width: 471px) 100vw, 471px\" \/><\/figure>\n<\/div>\n\n\n\n<div class=\"wp-block-column has-background is-layout-flow wp-block-column-is-layout-flow\" style=\"background-color:#1efadd00;flex-basis:66.66%\">\n<div style=\"height:30px\" aria-hidden=\"true\" class=\"wp-block-spacer\"><\/div>\n\n\n\n<div class=\"wp-block-columns are-vertically-aligned-top is-layout-flex wp-container-core-columns-is-layout-28f84493 wp-block-columns-is-layout-flex\">\n<div class=\"wp-block-column is-vertically-aligned-top is-layout-flow wp-block-column-is-layout-flow\" style=\"flex-basis:100%\">\n<figure class=\"wp-block-image aligncenter size-full is-resized\"><img loading=\"lazy\" decoding=\"async\" src=\"https:\/\/habitatlimpio.com.ar\/wp-content\/uploads\/2022\/08\/pexels-max-vakhtbovych-7031591-scaled.jpg\" alt=\"\" class=\"wp-image-1852\" width=\"583\" height=\"389\"\/><\/figure>\n<\/div>\n<\/div>\n\n\n\n<p class=\"has-ast-global-color-7-color has-text-color\" style=\"font-size:25px\">Por eso \u00a1no lo dude! HL Servicio de Limpieza es el experto que usted busca. Tanto para el aseo en final de obra, como para oficinas, instituciones educativas, centros de salud, comercio o casas particulares. <\/p>\n\n\n\n<p class=\"has-ast-global-color-7-color has-text-color\" style=\"font-size:25px\"><em>*Adem\u00e1s consulte por el tratamiento de recuperaci\u00f3n y protecci\u00f3n de pisos<\/em>!!<\/p>\n\n\n\n<figure class=\"wp-block-image aligncenter size-full is-resized\"><img loading=\"lazy\" decoding=\"async\" src=\"https:\/\/habitatlimpio.com.ar\/wp-content\/uploads\/2022\/08\/pexels-max-vakhtbovych-7031403-1-scaled.jpg\" alt=\"\" class=\"wp-image-1855\" width=\"583\" height=\"389\"\/><\/figure>\n\n\n\n<div style=\"height:31px\" aria-hidden=\"true\" class=\"wp-block-spacer\"><\/div>\n<\/div>\n<\/div>\n<\/div>\n<\/div>\n<\/div>\n<\/div>\n<\/div><\/div>\n\n\n\n<div style=\"height:16px\" aria-hidden=\"true\" class=\"wp-block-spacer\"><\/div>\n\n\n\n<div class=\"wp-block-cover alignfull has-parallax is-repeated\" style=\"min-height:394px;aspect-ratio:unset;\"><span aria-hidden=\"true\" class=\"wp-block-cover__background has-ast-global-color-2-background-color has-background-dim-60 has-background-dim\"><\/span><div role=\"img\" class=\"wp-block-cover__image-background wp-image-1504 has-parallax is-repeated\" style=\"background-position:54% 100%;background-image:url(https:\/\/habitatlimpio.com.ar\/wp-content\/uploads\/2022\/08\/carpet-red-tying-100103.jpg)\"><\/div><div class=\"wp-block-cover__inner-container is-layout-flow wp-block-cover-is-layout-flow\">\n<p class=\"has-text-align-center\" style=\"font-size:35px\">Tambi\u00e9n puede consultarnos por limpieza de alfombras y tapizados!!<\/p>\n\n\n\n<div class=\"wp-block-buttons is-layout-flex wp-block-buttons-is-layout-flex\">\n<div class=\"wp-block-button aligncenter\"><a class=\"wp-block-button__link has-background wp-element-button\" href=\"https:\/\/habitatlimpio.com.ar\/index.php\/services\/limpieza-de-alfombras-y-tapizados\/\" style=\"background-color:#ffffff00\" target=\"_blank\" rel=\"noreferrer noopener\">ver servicio<\/a><\/div>\n<\/div>\n<\/div><\/div>\n\n\n\n<div style=\"height:38px\" aria-hidden=\"true\" class=\"wp-block-spacer\"><\/div>\n\n\n\n<div class=\"wp-block-buttons is-layout-flex wp-block-buttons-is-layout-flex\">\n<div class=\"wp-block-button aligncenter\"><a class=\"wp-block-button__link has-background wp-element-button\" href=\"https:\/\/habitatlimpio.com.ar\/index.php\/services\/\" style=\"background-color:#06f3f1f2\">volver a nuestros servicios<\/a><\/div>\n<\/div>\n\n\n\n<div style=\"height:38px\" aria-hidden=\"true\" class=\"wp-block-spacer\"><\/div>\n","protected":false},"excerpt":{"rendered":"<p>Cuando se trata de una gran obra, es aconsejable dejar este proceso en manos de especialistas. Se debe contar con los productos y elementos indicados para cada material que suele quedar adherido en las superficies. Le ofrecemos lo que se conoce como servicio de llave en mano, de este modo, nos encargamos de entregar el [&hellip;]<\/p>\n","protected":false},"author":1,"featured_media":0,"parent":8,"menu_order":3,"comment_status":"closed","ping_status":"closed","template":"","meta":{"site-sidebar-layout":"default","site-content-layout":"","ast-site-content-layout":"","site-content-style":"default","site-sidebar-style":"default","ast-global-header-display":"","ast-banner-title-visibility":"","ast-main-header-display":"","ast-hfb-above-header-display":"","ast-hfb-below-header-display":"","ast-hfb-mobile-header-display":"","site-post-title":"disabled","ast-breadcrumbs-content":"","ast-featured-img":"","footer-sml-layout":"","theme-transparent-header-meta":"","adv-header-id-meta":"","stick-header-meta":"","header-above-stick-meta":"","header-main-stick-meta":"","header-below-stick-meta":"","astra-migrate-meta-layouts":"default","ast-page-background-enabled":"default","ast-page-background-meta":{"desktop":{"background-color":"var(--ast-global-color-4)","background-image":"","background-repeat":"repeat","background-position":"center center","background-size":"auto","background-attachment":"scroll","background-type":"","background-media":"","overlay-type":"","overlay-color":"","overlay-gradient":""},"tablet":{"background-color":"","background-image":"","background-repeat":"repeat","background-position":"center center","background-size":"auto","background-attachment":"scroll","background-type":"","background-media":"","overlay-type":"","overlay-color":"","overlay-gradient":""},"mobile":{"background-color":"","background-image":"","background-repeat":"repeat","background-position":"center center","background-size":"auto","background-attachment":"scroll","background-type":"","background-media":"","overlay-type":"","overlay-color":"","overlay-gradient":""}},"ast-content-background-meta":{"desktop":{"background-color":"var(--ast-global-color-5)","background-image":"","background-repeat":"repeat","background-position":"center center","background-size":"auto","background-attachment":"scroll","background-type":"","background-media":"","overlay-type":"","overlay-color":"","overlay-gradient":""},"tablet":{"background-color":"var(--ast-global-color-5)","background-image":"","background-repeat":"repeat","background-position":"center center","background-size":"auto","background-attachment":"scroll","background-type":"","background-media":"","overlay-type":"","overlay-color":"","overlay-gradient":""},"mobile":{"background-color":"var(--ast-global-color-5)","background-image":"","background-repeat":"repeat","background-position":"center center","background-size":"auto","background-attachment":"scroll","background-type":"","background-media":"","overlay-type":"","overlay-color":"","overlay-gradient":""}},"footnotes":""},"class_list":["post-1441","page","type-page","status-publish","hentry"],"_links":{"self":[{"href":"https:\/\/habitatlimpio.com.ar\/index.php\/wp-json\/wp\/v2\/pages\/1441","targetHints":{"allow":["GET"]}}],"collection":[{"href":"https:\/\/habitatlimpio.com.ar\/index.php\/wp-json\/wp\/v2\/pages"}],"about":[{"href":"https:\/\/habitatlimpio.com.ar\/index.php\/wp-json\/wp\/v2\/types\/page"}],"author":[{"embeddable":true,"href":"https:\/\/habitatlimpio.com.ar\/index.php\/wp-json\/wp\/v2\/users\/1"}],"replies":[{"embeddable":true,"href":"https:\/\/habitatlimpio.com.ar\/index.php\/wp-json\/wp\/v2\/comments?post=1441"}],"version-history":[{"count":28,"href":"https:\/\/habitatlimpio.com.ar\/index.php\/wp-json\/wp\/v2\/pages\/1441\/revisions"}],"predecessor-version":[{"id":1999,"href":"https:\/\/habitatlimpio.com.ar\/index.php\/wp-json\/wp\/v2\/pages\/1441\/revisions\/1999"}],"up":[{"embeddable":true,"href":"https:\/\/habitatlimpio.com.ar\/index.php\/wp-json\/wp\/v2\/pages\/8"}],"wp:attachment":[{"href":"https:\/\/habitatlimpio.com.ar\/index.php\/wp-json\/wp\/v2\/media?parent=1441"}],"curies":[{"name":"wp","href":"https:\/\/api.w.org\/{rel}","templated":true}]}}