{"id":1407,"date":"2022-08-24T23:24:09","date_gmt":"2022-08-24T23:24:09","guid":{"rendered":"https:\/\/habitatlimpio.com.ar\/?page_id=1407"},"modified":"2023-09-12T18:32:05","modified_gmt":"2023-09-12T18:32:05","slug":"servicio-integral-de-limpieza","status":"publish","type":"page","link":"https:\/\/habitatlimpio.com.ar\/index.php\/services\/servicio-integral-de-limpieza\/","title":{"rendered":"Servicio Integral de Limpieza"},"content":{"rendered":"\n<div class=\"inherit-container-width wp-block-group alignfull is-layout-constrained wp-block-group-is-layout-constrained\">\n<div class=\"wp-block-cover alignfull is-light has-parallax\"><span aria-hidden=\"true\" class=\"wp-block-cover__background has-black-background-color has-background-dim\"><\/span><div role=\"img\" class=\"wp-block-cover__image-background wp-image-1525 has-parallax\" style=\"background-position:50% 50%;background-image:url(https:\/\/habitatlimpio.com.ar\/wp-content\/uploads\/2022\/08\/pexels-liliana-drew-9462326-scaled.jpg)\"><\/div><div class=\"wp-block-cover__inner-container is-layout-flow wp-block-cover-is-layout-flow\">\n<h2 class=\"has-text-align-center wp-block-heading\" style=\"font-size:40px\">Servicio Integral de Limpieza<\/h2>\n\n\n\n<p class=\"has-text-align-center has-ast-global-color-5-color has-text-color\" style=\"font-size:30px\">Este servicio comprende todas las labores de limpieza necesarias para la protecci\u00f3n, conservaci\u00f3n, y mantenimiento de instalaciones como: oficinas, locales comerciales, cl\u00ednicas m\u00e9dicas, clubes, bancos, salones de eventos, etc.<\/p>\n\n\n\n<p class=\"has-text-align-center has-ast-global-color-5-color has-text-color\" style=\"font-size:30px\">Luego de evaluar las necesidades espec\u00edficas de cada cliente, se dise\u00f1a un plan de trabajo acorde a sus requerimientos. La implementaci\u00f3n y ejecuci\u00f3n de un servicio a medida, es lo que garantiza un \u00f3ptimo nivel de limpieza e higiene.<\/p>\n<\/div><\/div>\n<\/div>\n\n\n\n<div style=\"height:71px\" aria-hidden=\"true\" class=\"wp-block-spacer\"><\/div>\n\n\n\n<p class=\"has-text-align-center has-text-color\" style=\"color:#8491b1;font-size:30px\">Tambi\u00e9n  ofrecemos provisi\u00f3n de insumos de higiene para ba\u00f1os: Si Usted requiere insumos sanitarios (papel toalla, papel higi\u00e9nico, jab\u00f3n de manos, etc.), los mismos ser\u00e1n provistos y ser\u00e1n facturados a demanda.<\/p>\n\n\n\n<div class=\"wp-block-columns alignwide is-layout-flex wp-container-core-columns-is-layout-28f84493 wp-block-columns-is-layout-flex\">\n<div class=\"wp-block-column is-layout-flow wp-block-column-is-layout-flow\" style=\"flex-basis:100%\">\n<div class=\"wp-block-cover alignfull\" style=\"min-height:768px;aspect-ratio:unset;\"><span aria-hidden=\"true\" class=\"wp-block-cover__background has-black-background-color has-background-dim-60 has-background-dim\"><\/span><img loading=\"lazy\" decoding=\"async\" width=\"2560\" height=\"1707\" class=\"wp-block-cover__image-background wp-image-1432\" alt=\"\" src=\"https:\/\/habitatlimpio.com.ar\/wp-content\/uploads\/2022\/08\/pexels-tima-miroshnichenko-6195277-scaled.jpg\" style=\"object-position:44% 43%\" data-object-fit=\"cover\" data-object-position=\"44% 43%\" srcset=\"https:\/\/habitatlimpio.com.ar\/wp-content\/uploads\/2022\/08\/pexels-tima-miroshnichenko-6195277-scaled.jpg 2560w, https:\/\/habitatlimpio.com.ar\/wp-content\/uploads\/2022\/08\/pexels-tima-miroshnichenko-6195277-300x200.jpg 300w, https:\/\/habitatlimpio.com.ar\/wp-content\/uploads\/2022\/08\/pexels-tima-miroshnichenko-6195277-1024x683.jpg 1024w, https:\/\/habitatlimpio.com.ar\/wp-content\/uploads\/2022\/08\/pexels-tima-miroshnichenko-6195277-768x512.jpg 768w\" sizes=\"auto, (max-width: 2560px) 100vw, 2560px\" \/><div class=\"wp-block-cover__inner-container is-layout-flow wp-block-cover-is-layout-flow\">\n<div style=\"height:100px\" aria-hidden=\"true\" class=\"wp-block-spacer\"><\/div>\n\n\n\n<h2 class=\"alignwide has-text-align-center wp-block-heading\" style=\"font-size:40px\">Trabajos Especiales<\/h2>\n\n\n\n<hr class=\"wp-block-separator has-text-color has-alpha-channel-opacity has-background is-style-wide\" style=\"background-color:#05fae9;color:#05fae9\"\/>\n\n\n\n<div class=\"wp-block-columns is-layout-flex wp-container-core-columns-is-layout-28f84493 wp-block-columns-is-layout-flex\">\n<div class=\"wp-block-column is-layout-flow wp-block-column-is-layout-flow\" style=\"flex-basis:33.33%\">\n<figure class=\"wp-block-image alignright size-full is-resized\"><img loading=\"lazy\" decoding=\"async\" src=\"https:\/\/habitatlimpio.com.ar\/wp-content\/uploads\/2022\/08\/logopng-para-pestana.png\" alt=\"LOGO HL EN PNG\" class=\"wp-image-1439\" width=\"281\" height=\"258\" srcset=\"https:\/\/habitatlimpio.com.ar\/wp-content\/uploads\/2022\/08\/logopng-para-pestana.png 874w, https:\/\/habitatlimpio.com.ar\/wp-content\/uploads\/2022\/08\/logopng-para-pestana-300x275.png 300w, https:\/\/habitatlimpio.com.ar\/wp-content\/uploads\/2022\/08\/logopng-para-pestana-768x705.png 768w\" sizes=\"auto, (max-width: 281px) 100vw, 281px\" \/><\/figure>\n<\/div>\n\n\n\n<div class=\"wp-block-column is-layout-flow wp-block-column-is-layout-flow\" style=\"flex-basis:66.66%\">\n<p class=\"has-text-align-center\" style=\"font-size:30px\"><strong>Limpieza Profunda <\/strong>   <br> (aplicable a cualquier \u00e1rea que se solicite)<br><strong>Hidro lavados <\/strong><br>(paredes,veredas, techos, etc.)<br><strong>Limpieza en eventos<\/strong><\/p>\n<\/div>\n<\/div>\n\n\n\n<hr class=\"wp-block-separator has-text-color has-alpha-channel-opacity has-background is-style-wide\" style=\"background-color:#05fae9;color:#05fae9\"\/>\n<\/div><\/div>\n<\/div>\n<\/div>\n\n\n\n<div style=\"height:37px\" aria-hidden=\"true\" class=\"wp-block-spacer\"><\/div>\n\n\n\n<div class=\"wp-block-buttons is-layout-flex wp-block-buttons-is-layout-flex\">\n<div class=\"wp-block-button aligncenter\"><a class=\"wp-block-button__link has-background wp-element-button\" href=\"https:\/\/habitatlimpio.com.ar\/index.php\/services\/\" style=\"background-color:#05fdf4\">volver a nuestros servicios<\/a><\/div>\n<\/div>\n\n\n\n<div style=\"height:37px\" aria-hidden=\"true\" class=\"wp-block-spacer\"><\/div>\n","protected":false},"excerpt":{"rendered":"<p>Tambi\u00e9n ofrecemos provisi\u00f3n de insumos de higiene para ba\u00f1os: Si Usted requiere insumos sanitarios (papel toalla, papel higi\u00e9nico, jab\u00f3n de manos, etc.), los mismos ser\u00e1n provistos y ser\u00e1n facturados a demanda.<\/p>\n","protected":false},"author":1,"featured_media":0,"parent":8,"menu_order":1,"comment_status":"closed","ping_status":"closed","template":"","meta":{"site-sidebar-layout":"default","site-content-layout":"plain-container","ast-site-content-layout":"","site-content-style":"default","site-sidebar-style":"default","ast-global-header-display":"","ast-banner-title-visibility":"","ast-main-header-display":"","ast-hfb-above-header-display":"","ast-hfb-below-header-display":"","ast-hfb-mobile-header-display":"","site-post-title":"disabled","ast-breadcrumbs-content":"","ast-featured-img":"","footer-sml-layout":"","theme-transparent-header-meta":"","adv-header-id-meta":"","stick-header-meta":"","header-above-stick-meta":"","header-main-stick-meta":"","header-below-stick-meta":"","astra-migrate-meta-layouts":"default","ast-page-background-enabled":"default","ast-page-background-meta":{"desktop":{"background-color":"var(--ast-global-color-4)","background-image":"","background-repeat":"repeat","background-position":"center center","background-size":"auto","background-attachment":"scroll","background-type":"","background-media":"","overlay-type":"","overlay-color":"","overlay-gradient":""},"tablet":{"background-color":"","background-image":"","background-repeat":"repeat","background-position":"center center","background-size":"auto","background-attachment":"scroll","background-type":"","background-media":"","overlay-type":"","overlay-color":"","overlay-gradient":""},"mobile":{"background-color":"","background-image":"","background-repeat":"repeat","background-position":"center center","background-size":"auto","background-attachment":"scroll","background-type":"","background-media":"","overlay-type":"","overlay-color":"","overlay-gradient":""}},"ast-content-background-meta":{"desktop":{"background-color":"var(--ast-global-color-5)","background-image":"","background-repeat":"repeat","background-position":"center center","background-size":"auto","background-attachment":"scroll","background-type":"","background-media":"","overlay-type":"","overlay-color":"","overlay-gradient":""},"tablet":{"background-color":"var(--ast-global-color-5)","background-image":"","background-repeat":"repeat","background-position":"center center","background-size":"auto","background-attachment":"scroll","background-type":"","background-media":"","overlay-type":"","overlay-color":"","overlay-gradient":""},"mobile":{"background-color":"var(--ast-global-color-5)","background-image":"","background-repeat":"repeat","background-position":"center center","background-size":"auto","background-attachment":"scroll","background-type":"","background-media":"","overlay-type":"","overlay-color":"","overlay-gradient":""}},"footnotes":""},"class_list":["post-1407","page","type-page","status-publish","hentry"],"_links":{"self":[{"href":"https:\/\/habitatlimpio.com.ar\/index.php\/wp-json\/wp\/v2\/pages\/1407","targetHints":{"allow":["GET"]}}],"collection":[{"href":"https:\/\/habitatlimpio.com.ar\/index.php\/wp-json\/wp\/v2\/pages"}],"about":[{"href":"https:\/\/habitatlimpio.com.ar\/index.php\/wp-json\/wp\/v2\/types\/page"}],"author":[{"embeddable":true,"href":"https:\/\/habitatlimpio.com.ar\/index.php\/wp-json\/wp\/v2\/users\/1"}],"replies":[{"embeddable":true,"href":"https:\/\/habitatlimpio.com.ar\/index.php\/wp-json\/wp\/v2\/comments?post=1407"}],"version-history":[{"count":16,"href":"https:\/\/habitatlimpio.com.ar\/index.php\/wp-json\/wp\/v2\/pages\/1407\/revisions"}],"predecessor-version":[{"id":1997,"href":"https:\/\/habitatlimpio.com.ar\/index.php\/wp-json\/wp\/v2\/pages\/1407\/revisions\/1997"}],"up":[{"embeddable":true,"href":"https:\/\/habitatlimpio.com.ar\/index.php\/wp-json\/wp\/v2\/pages\/8"}],"wp:attachment":[{"href":"https:\/\/habitatlimpio.com.ar\/index.php\/wp-json\/wp\/v2\/media?parent=1407"}],"curies":[{"name":"wp","href":"https:\/\/api.w.org\/{rel}","templated":true}]}}